{"version":"1.0","type":"rich","provider_name":"Paradis Fiscaux et Judiciaires","provider_url":"https:\/\/www.paradisfj.info","title":"Interventionniste dans ses m\u00e9dias, l\u2019union de la droite et de l\u2019extr\u00eame droite en id\u00e9e fixe\u2026 Bollor\u00e9 au c\u0153ur d\u2019un livre-enqu\u00eate","author_name":"paradisfj.info","width":"480","height":"295","url":"https:\/\/www.paradisfj.info\/Interventionniste-dans-ses-medias-l-union-de-la-droite-et.html","html":"\u003Ch4 class='title'\u003E\u003Ca href='https:\/\/www.paradisfj.info\/Interventionniste-dans-ses-medias-l-union-de-la-droite-et.html'\u003EInterventionniste dans ses m\u00e9dias, l\u2019union de la droite et de l\u2019extr\u00eame droite en id\u00e9e fixe\u2026 Bollor\u00e9 au c\u0153ur d\u2019un livre-enqu\u00eate\u003C\/a\u003E\u003C\/h4\u003E\u003Cblockquote class='spip'\u003E\u003Cp\u003E&#171;&nbsp;La Droite de Dieu - Vincent Bollor\u00e9&nbsp;&#187; qui para\u00eet ce jeudi 3&nbsp;septembre d\u00e9peint un milliardaire r\u00e9actionnaire en mission pour la pr\u00e9sidentielle 2027 via son groupe, d\u2019Europe 1 au &#171;&nbsp;JDD&nbsp;&#187; en passant par CNews.\u003C\/p\u003E\u003C\/blockquote\u003E\n"}

Interventionniste dans ses médias, l’union de la droite et de l’extrême droite en idée fixe… Bolloré au cœur d’un livre-enquête

<h4 class='title'><a href='https://www.paradisfj.info/Interventionniste-dans-ses-medias-l-union-de-la-droite-et.html'>Interventionniste dans ses médias, l’union de la droite et de l’extrême droite en idée fixe… Bolloré au cœur d’un livre-enquête</a></h4><blockquote class='spip'><p>&#171;&nbsp;La Droite de Dieu - Vincent Bolloré&nbsp;&#187; qui paraît ce jeudi 3&nbsp;septembre dépeint un milliardaire réactionnaire en mission pour la présidentielle 2027 via son groupe, d’Europe 1 au &#171;&nbsp;JDD&nbsp;&#187; en passant par CNews.</p></blockquote>
